*3 - 7*c**3. Calculate y(j).
10
Suppose 7*y - 12 = 23. Suppose -r - 3*z = -6*r - 11, -5*z = y*r - 5. Let p(l) be the first derivative of -l**4/2 + l - 1. Determine p(r).
3
Let s(o) = -o**3 - 10*o**2 - 8*o. Suppose -2*r - 29 = 4*n - 3, r = 5*n + 1. What is s(r)?
-9
Suppose 9 = -2*z - 11. Let r be -1 + -1 + -1 - z. Suppose 3*c + r = 22. Let w(h) = h**2 - 4*h. Give w(c).
5
Suppose 3*q + 3 = 0, 1 = 2*o - 0*o - q. Suppose -d + c - 6*c = o, d - 3*c = 0. Let i(b) be the second derivative of -b**3/6 - b**2 - 6*b. Give i(d).
-2
Let h(g) be the second derivative of g**3/6 - g. Let r(n) = -8*n - 35. Let z(x) = -17*x - 72. Let v(j) = 13*r(j) - 6*z(j). Let u be v(-13). What is h(u)?
3
Let q(t) = t**3 + 5*t**2 + 4*t - 6. Let g be -4 - 1*8/8. Give q(g).
-26
Let b(a) = 5 - a**3 - 10*a**2 + 2*a**2 + 18*a + 31*a - 77*a + 26*a. Give b(-8).
21
Let g(w) = -w**2 - 6*w**2 - 106*w - 2 + 109*w. Determine g(2).
-24
Suppose -37*g + 30*g = 35. Let k(f) = -f**3 - 4*f**2 + 4*f - 4. Determine k(g).
1
Let x(h) = -10*h**2 + 1. Let b(u) = 10*u**2 - 1. Let z(p) = -3*b(p) - 2*x(p). Let c be (-15)/12 + 2/8. Give z(c).
-9
Let p = 0 - -1. Let s(m) be the first derivative of m**4/2 - m**3/3 + m**2/2 + 104. Determine s(p).
2
Let n = 99 - 63. Let q(v) = -6*v**3 + n*v**2 - 1 + 33*v**2 - 67*v**2. What is q(-1)?
7
Let l(q) = 9*q + 7 - q - 2 - 5*q + 0. What is l(3)?
14
Let u(q) = -q + 4. Let d(o) = 2*o - 17. Let w be d(10). Suppose w*i + 15 = t, -20 = 3*t - 5*t + 4*i. Let y be (t + 0)/((-10)/5). Determine u(y).
4
Let a(v) = v**2 - 8*v + 8. Let w be 120/28 - (-2)/(-7). Let q be ((-1)/(2/(-8)))/1. Suppose 2*u + u - 38 = w*i, q*u - 2*i = 34. Give a(u).
-4
Let l(j) be the third derivative of -j**5/60 + 11*j**4/24 - 13*j**3/6 + 81*j**2. Calculate l(12).
-25
Suppose v - 12 - 3 = 0. Let d be 6/v*5/2. Let b(n) = -d - 6*n - 2*n**3 - 2*n**3 + 7*n. Determine b(1).
-4
Suppose 2*b - 4 - 12 = 0. Let f = 1 + b. Suppose 0 = 3*w - f, 0 = -2*t - 3*w + 5*w + 8. Let h(v) = 2*v - 2. Give h(t).
12
Let h(s) = -s - 1. Let i be (4/16)/((-1)/12). Determine h(i).
2
Let f(q) = q**2 + q - 7. Let h be ((-26)/(-6))/((-2)/(-36)). Suppose 78 = -2*s + h. Determine f(s).
-7
Suppose -3*i + 3*o - 4*o - 9 = 0, 0 = -3*i - 2*o - 12. Let z(j) = -14*j. Let m(p) = 12*p. Let q(l) = -6*m(l) - 5*z(l). What is q(i)?
4
Suppose -v = 3*z + v - 23, 4*z + v - 24 = 0. Let w(n) = 10*n - n - 8*n + 2. Give w(z).
7
Let y(h) = h**3 - 4*h**2 + 4*h - 12. Let x be y(4). Suppose 19 = -d + x*o, 3*d + 3 + 2 = -o. Let m(t) = -t**3 - 4*t**2 - t - 1. Calculate m(d).
-7
Let h(d) = d**2 + 2*d - 4. Let r = 6 - 1. Suppose 16 = 4*y - 4*u, 5*y + r = u + 21. Suppose -g - y*g = 12. Determine h(g).
-1
Let l be (6/(-9))/(2/(-9)). Let h be (l + -6)*2/(-6). Let a be -1*h/2*-10. Let d(j) = -j**2 + 6*j - 5. Give d(a).
0
Let z(i) = -20*i**2 - 405 - 13*i + 8*i - 395 - 15*i + 777 - i**3. Determine z(-19).
-4
Let r(z) = z**3 - 6*z**2 + 3*z. Suppose -5*s - 16 + 31 = 0. Let f be 2 + 1 + 0 + s. Calculate r(f).
18
Suppose -44*b = -78 + 298. Let i(g) = -g**2 - 5*g + 6. Determine i(b).
6
Let f(v) be the second derivative of -v**4/12 + 7*v**3/6 - 3*v**2/2 + 296*v. Suppose -7*n = -5*n - 14. Determine f(n).
-3
Let n(i) be the second derivative of -i**3/3 + 7*i**2/2 - 2*i. Let z(p) = 7*p**3 + p**2 + 4*p - 5. Let x be z(1). Give n(x).
-7
Let p(y) be the third derivative of y**6/120 - y**5/10 - 4*y**3/3 - y**2. Let i = -3 + 15. Let a be (27/(-6))/(-9)*i. What is p(a)?
-8
Let w be -2 - 0 - 0 - -2. Let a = 3 + w. Let o(n) = -n**3 + 4*n**2 - 2*n - 4. Calculate o(a).
-1
Let q(b) = -b**3 + b**2 + b + 1. Let g = -87 + 86. Let c be (-2 - -2)*g + 0 + -2. Calculate q(c).
11
Let a(x) be the third derivative of 7*x**4/24 - 19*x**3/2 + 2*x**2 + 54. Calculate a(9).
6
Let m(g) be the first derivative of g**6/120 - g**5/20 + g**4/24 + 9*g**2/2 - 34. Let d(r) be the second derivative of m(r). Calculate d(2).
-2
Suppose -30*w + 444 = -67*w. Let l(g) = g**3 + 13*g**2 + 13*g + 20. Calculate l(w).
8
Let p(n) = 3*n + 0*n + 3*n + 3. Let b(u) = 2*u + 15. Let r be b(-6). Suppose -m - r = -1. What is p(m)?
-9
Let f(h) be the second derivative of 1/12*h**4 - h**3 + 5*h + 3/2*h**2 + 0. Let p be f(2). Let w(y) = -y**3 - 5*y**2 - y. Give w(p).
5
Let m be 158*4/88 + 12/(-66). Let y(c) = 5 + c**2 + 3 - 6*c - 12 + 0. Determine y(m).
3
Let z(a) = a**3 + 10*a**2 + 10*a + 11. Let d(u) = 6*u + 46. Let s be d(-7). Suppose s*v - v + 27 = 0. Calculate z(v).
2
Let w(f) be the second derivative of f**4/12 - f**3/2 - 5*f**2/2 + 2*f. Let a = -4 - -5. Let g be a*(16/2 + -3). Give w(g).
5
Let c(f) = 4*f**3 - 3 + 5*f + 5*f**2 - 2*f + 0*f - 13*f**3 + 8*f**3. What is c(3)?
24
Let u(x) be the first derivative of -x**3/3 + 3*x**2 + x + 82. What is u(5)?
6
Let o(s) = 2*s**3 - s**2 - s. Let d be o(2). Suppose -2*n = -d - 14. Let f(b) = 6*b + 4*b**3 - n*b**2 + 17*b**2 - 3 - 5*b**3. Determine f(6).
-3
Let v(j) = -3*j**3 + 3*j**2 + 3*j - 2. Suppose 0*o = 3*m + o - 10, 5*o = 20. Give v(m).
-8
Let m(p) = -p**2 - 6*p + 10. Let x = -2 - -8. Let o = x + -6. Suppose 3*d + 0*d - 5*l + 24 = o, -l = 0. What is m(d)?
-6
Suppose 30 = -f + 32. Let b(q) = q**2 - 2. Determine b(f).
2
Let m(h) = -h**3 - 7*h**2 - 6. Suppose t = 12 - 5. Suppose t*d = -d - 56. Calculate m(d).
-6
Let j(h) = -14*h**3 - 6*h**2 - 7*h. Let w(o) = 41*o**3 + 17*o**2 + 20*o. Let s(f) = -17*j(f) - 6*w(f). What is s(-1)?
9
Let n(c) = -15*c**2 - 5*c. Let x(u) = 7*u**2 + 2*u. Let d(a) = -3*n(a) - 7*x(a). Let p be (-2 + (-13)/(-4))*8. Suppose -4 = 6*q - p*q. Calculate d(q).
-3
Let u(y) = -y**2 + 3*y - 3. Let r(s) = s**3 + 7*s**2 - 3*s - 6. Let f be r(-7). Suppose 4*k = f - 23. Let m be k/8*(2 - 14). What is u(m)?
-3
Let l(m) = 2*m + 2. Let y be l(11). Suppose 22*n + 10 = y*n. Let b(x) = x**3 - 6*x**2 + 6*x + 2. Give b(n).
7
Suppose 0 = -4*m - 13 + 33. Let d(u) = -14 + 2*u + 10 + m. Give d(1).
3
Let c(j) = j**3 + 4*j**2 - 5*j. Let r be c(-5). Suppose -2*z + r = -6. Let a(f) = f**2 - f - 3. Determine a(z).
3
Let f(c) be the third derivative of c**6/120 - c**5/6 - c**4/2 - c**3/2 - 45*c**2 - 2*c. What is f(11)?
-14
Let j(y) be the first derivative of 9*y**4/4 - 2*y**2 - 3*y + 547. Calculate j(-1).
-8
Let x = -14 + -5. Suppose a = 2*a - 2*s - 32, 3*a + s - 68 = 0. Let y = x + a. Let n(t) = -t + 6. Give n(y).
1
Suppose -4*x + 0*x + 12 = 0. Let s(m) = 6*m - 3*m**2 - x*m - m**3 - 2*m**2 + 2. Let k = -4 - 1. Determine s(k).
-13
Let i(l) = -l + 2. Suppose -4*g - 24 + 16 = 0. Let n(y) = 2*y**2 + y - 2. Let v be n(g). What is i(v)?
-2
Let g be (513/(-38))/((-6)/(-8)). Let i be 2/9 + (-14)/g. Let a be i - (11 - 1)/(-5). Let m(h) = -2*h + 1. Determine m(a).
-5
Suppose 0 = 4*j - 2*g + 22, j + 2 = 4*g - 7. Let r(h) = h**3 + 6*h**2 + 4*h - 4. What is r(j)?
1
Suppose t - 1 = 3. Let k(l) = 5*l + 31. Let o(b) = b + 4. Let q(z) = k(z) - 6*o(z). Give q(t).
3
Let f(u) = u**3 - 9*u**2 + 2*u + 10. Let h be (7 - -5 - 10) + 6. Calculate f(h).
-38
Let j(k) = -4 + 2*k**2 + 0*k - 6*k - 3*k**2 + 0*k**2. Give j(-4).
4
Let c(z) = -1. Suppose -7*o = -23 + 79. Let s(x) = 2*x + 8. Let l(g) = o*c(g) - s(g). What is l(-2)?
4
Suppose 6*i - 5*y = 2*i - 7, -3*i - 3*y = -15. Let j(f) = -f**2 + 2 - f**i - 12*f - 4 + 16*f. Determine j(3).
-8
Let s = 11 + -15. Let v be (-28)/s*(3 + -2). Suppose 3*y + v*f = 2*f + 10, 0 = -2*f - 2. Let r(p) = -p**2 + 6*p - 2. Determine r(y).
3
Suppose -8*r + 16 = -4*r, 4 = 4*j + 4*r. Let m(c) be the second derivative of c**5/20 + c**4/4 - c**3/2 - c**2/2 + c. Give m(j).
8
Suppose 4*o = 4 + 12. Suppose 12 = -2*a + 4*f, 2*a + o*f - 25 = -5. Let h(r) = r + r**2 + 0*r**a + 4*r**2. Calculate h(1).
6
Let f(q) = 3 + 12*q - 4*q**2 + q**3 - 3*q - 10*q. Suppose -3*s - 2*i + 3 = 0, 3*s + 3*i - 4*i - 3 = 0. Let x be 1 + (s - 5/(-5)). What is f(x)?
-9
Let t(m) = 3*m + 3. Let k = -1 + 7. Suppose 0*u = u - k. Let p = -9 + u. Determine t(p).
-6
Let s(k) be the first derivative of -6*k - 1/3*k**3 + 6 + 3*k**2. What is s(5)?
-1
Let b(k) = -k + 3*k - 2 - 1. Let l(w) = -w**3 - 7*w**2 + 11*w + 18. Let m be l(-8). Let q be (m/8)/((-8)/64). Calculate b(q).
9
Suppose 5*w + 2*k + 0*k - 56 = 0, 0 = -3*w + k + 38. Let d be -3*-4*2/w. Let q be -5*(d - 18/15). Let p(g) = -g**3 - 3*g**2 + 5*g + 6. Calculate p(q).
2
Suppose 196*c = 195*c - 3. Let x(s) = 2*s + 3. Give x(c).
-3
Let y(q) = q**3 + 12*q**2 + 9*q - 17. Let x = 